 133710433
What are the prime factors of 822053888?
2, 802787
List the prime factors of 145358472.
2, 3, 7, 293, 2953
What are the prime factors of 261883480?
2, 5, 6547087
What are the prime factors of 6103439439?
3, 2034479813
What are the prime factors of 236059583?
239, 987697
List the prime factors of 677759385.
3, 5, 2699, 16741
List the prime factors of 86864257.
19, 43, 106321
What are the prime factors of 57716931?
3, 29, 229, 2897
What are the prime factors of 161883585?
3, 5, 3597413
What are the prime factors of 81919259?
81919259
What are the prime factors of 21283104?
2, 3, 47, 53, 89
What are the prime factors of 328981905?
3, 5, 7, 47, 823
List the prime factors of 26588497.
13, 61, 33529
What are the prime factors of 16628577?
3, 7, 37, 21401
List the prime factors of 1088616308.
2, 13, 139, 150611
What are the prime factors of 1036681039?
83, 263, 47491
List the prime factors of 254367689.
254367689
What are the prime factors of 224948354?
2, 112474177
What are the prime factors of 1743663180?
2, 3, 5, 7, 1367, 3037
List the prime factors of 5919531596.
2, 11, 59, 151, 15101
What are the prime factors of 1416724540?
2, 5, 7, 11, 919951
What are the prime factors of 96570539?
13, 41, 181183
List the prime factors of 1038123408.
2, 3, 7, 59, 7481
What are the prime factors of 17562776?
2, 7, 11, 4073
List the prime factors of 1180403750.
2, 5, 43, 21961
List the prime factors of 64316831.
17, 3783343
List the prime factors of 51800215.
5, 367, 28229
What are the prime factors of 4356142558?
2, 89, 24472711
List the prime factors of 201684999.
3, 23, 113, 25867
List the prime factors of 1872140482.
2, 1531, 611411
What are the prime factors of 866603540?
2, 5, 11, 1549, 2543
List the prime factors of 65998343.
19, 37, 269, 349
What are the prime factors of 49623063?
3, 7, 1151, 2053
What are the prime factors of 128970750?
2, 3, 5, 359, 479
List the prime factors of 38622709.
37, 1043857
List the prime factors of 396685421.
11, 2767, 13033
What are the prime factors of 15457007?
83, 186229
What are the prime factors of 126423371?
59, 73, 149, 197
List the prime factors of 1109372550.
2, 3, 5, 11, 13, 51719
List the prime factors of 2191473.
3, 37, 6581
What are the prime factors of 365520783?
3, 31, 3930331
What are the prime factors of 5100297370?
2, 5, 7, 311, 234281
List the prime factors of 67472718.
2, 3, 11245453
What are the prime factors of 85093438?
2, 19, 2239301
List the prime factors of 393518804.
2, 7, 19, 251, 421
What are the prime factors of 240076408?
2, 11, 13, 209857
What are the prime factors of 17339236?
2, 37, 79, 1483
What are the prime factors of 28947222?
2, 3, 19, 53, 1597
What are the prime factors of 201642532?
2, 7, 13, 553963
List the prime factors of 2238223398.
2, 3, 373037233
List the prime factors of 405299087.
405299087
List the prime factors of 61071839.
1297, 47087
What are the prime factors of 385905583?
7, 55129369
What are the prime factors of 904335429?
3, 12097, 24919
What are the prime factors of 3228600632?
2, 403575079
List the prime factors of 828902749.
37, 22402777
List the prime factors of 490737250.
2, 5, 1962949
List the prime factors of 6742230072.
2, 3, 107, 613, 4283
List the prime factors of 305574674.
2, 152787337
What are the prime factors of 9491386?
2, 1031, 4603
List the prime factors of 148085144.
2, 113, 163811
List the prime factors of 6392351857.
66977, 95441
List the prime factors of 1772649837.
3, 7, 3583, 7853
What are the prime factors of 215165733?
3, 71721911
What are the prime factors of 4467755945?
5, 89, 733, 13697
List the prime factors of 319642289.
319642289
List the prime factors of 1762674685.
5, 821, 429397
List the prime factors of 7087748601.
3, 37, 6883, 9277
List the prime factors of 502593274.
2, 37, 61, 111341
List the prime factors of 1464260752.
2, 89, 1028273
List the prime factors of 871820714.
2, 37, 11781361
List the prime factors of 3705617975.
5, 19, 23, 339187
What are the prime factors of 30344279?
7, 223, 2777
List the prime factors of 573126069.
3, 191042023
List the prime factors of 1497355685.
5, 7, 4951, 8641
What are the prime factors of 311909012?
2, 643, 121271
What are the prime factors of 1487157662?
2, 743578831
List the prime factors of 1516058961.
3, 23, 139, 158071
What are the prime factors of 34679153?
41, 845833
List the prime factors of 2960581318.
2, 2423, 610933
List the prime factors of 102653850.
2, 3, 5, 13, 61, 863
What are the prime factors of 625478051?
11, 56861641
List the prime factors of 4823847846.
2, 3, 131, 1171, 1747
What are the prime factors of 103135218?
2, 3, 17189203
List the prime factors of 6414898017.
3, 11, 113, 1720273
List the prime factors of 61913394.
2, 3, 3439633
What are the prime factors of 2617119252?
2, 3, 11, 419, 15773
List the prime factors of 112962771.
3, 19, 660601
List the prime factors of 66631484.
2, 16657871
What are the prime factors of 151348898?
2, 109, 694261
What are the prime factors of 3245376860?
2, 5, 11, 14751713
What are the prime factors of 91362556?
2, 17, 1343567
List the prime factors of 646853493.
3, 11, 13, 103, 14639
List the prime factors of 4204153720.
2, 5, 13, 17, 475583
List the prime factors of 273495379.
37, 41, 180287
What are the prime factors of 21941326?
2, 11, 997333
What are the prime factors of 7821270?
2, 3, 5, 43, 47
What are the prime factors of 95284214?
2, 47642107
List the prime factors of 142185646.
2, 4813, 14771
List the prime factors of 189065543.
23, 167, 49223
List the prime factors of 82929746.
2, 41464873
What are the prime factors of 75828264?
2, 3, 43, 73477
List the prime factors of 191023626.
2, 3, 73, 436127
List the prime factors of 9014235.
3, 5, 600949
What are the prime factors of 1080877884?
2, 3, 17, 211, 25111
List the prime factors of 66235751.
66235751
What are the prime factors of 80435569?
19, 109, 38839
What are the prime factors of 614557679?
19, 37, 874193
What are the prime factors of 127897340?
2, 5, 47, 359, 379
What are the prime factors of 6144008361?
3, 139, 223, 66071
List the prime factors of 622063545.
3, 5, 101, 109, 3767
What are the prime factors of 1399390060?
2, 5, 3499, 19997
List the prime factors of 725013190.
2, 5, 11, 197, 33457
What are the prime factors of 793162072?
2, 2797, 35447
What are the prime factors of 556825399?
13, 317, 135119
List the prime factors of 842221545.
3, 5, 11, 5104373
What are the prime factors of 80669253?
3, 7, 3841393
What are the prime factors of 291765356?
2, 17, 4290667
What are the prime factors of 6877290202?
2, 29, 118573969
List the prime factors of 1130648882.
2, 11, 41, 977, 1283
List the prime factors of 3299279049.
3, 11, 71, 601
What are the prime factors of 446367822?
2, 3, 31, 727, 3301
List the prime factors of 101405386.
2, 6151, 8243
What are the prime factors of 466516052?
2, 229, 509297
What are the prime factors of 178186843?
17, 2357, 4447
List the prime factors of 67751856.
2, 3, 156833
What are the prime factors of 1201765924?
2, 41, 257, 28513
List the prime factors of 54221057.
11, 4929187
List the prime factors of 688334236.
2, 37, 4650907
What are the prime factors of 4889849?
109, 113, 397
What are the prime factors of 16495586?
2, 83, 99371
List the prime factors of 5857341286.
2, 367, 7980029
What are the prime factors of 63136130?
2, 5, 17, 371389
What are the prime factors of 2467170431?
11, 224288221
What are the prime factors of 156264462?
2, 3, 8681359
What are the prime factors of 1977226054?
2, 37, 59, 452869
What are the prime factors of 3375195050?
2, 5, 67503901
List the prime factors of 890026255.
5, 43, 89, 193, 241
What are the prime factors of 3701069114?
2, 71, 4447, 5861
What are the prime factors of 585066792?
2, 3, 37, 17807
What are the prime factors of 23207716?
2, 7, 31, 26737
What are the prime factors of 956860901?
956860901
List the prime factors of 89522271.
3, 9946919
What are the prime factors of 4604505950?
2, 5, 11, 31, 270059
What are the prime factors of 79256396?
2, 43, 460793
What are the prime factors of 195421510?
2, 5, 79, 247369
List the prime factors of 1782140318.
2, 7, 127295737
List the prime factors of 47247951.
3, 15749317
What are the prime factors of 333462351?
3, 111154117
What are t